0 + j. Suppose 24 - 84 = -y*h. Let u(k) = k**2 - 6*k + 5. Calculate u(h).
5
Let s(y) = y - 31. Let n(i) = -i**3 - 4*i**2 - i + 4. Let r be n(0). Suppose -j - 5*k = 20, -j - j - r = k. Determine s(j).
-31
Let o(d) = d**2 + 5 - 8*d + 3 + 8 + 3 + 0 - 14. Let m(w) = 2*w**2 + 7*w + 4. Let c be m(-4). Determine o(c).
5
Suppose -x - 2*q - 7 = 0, -13 = 4*x - 9*x + 2*q. Let c(t) be the first derivative of -1 + 0*t + 1/2*t**2. What is c(x)?
1
Suppose 0 = -5*v + i + 33, 20 = 5*v - 4*i - 22. Suppose 5*y - 14 = -d, -3*y + 2*d + 3 = -8. Let m(r) = -3 + r**y - r - 5*r - 6*r**2 + 6*r. Determine m(v).
-3
Let h(m) = -2 + 0*m - 10*m**2 + 6*m - 8*m + 0*m + 9*m**2. Give h(-3).
-5
Let c = -16839 + 16894. Let s(g) = g**2 - 51*g - 221. Calculate s(c).
-1
Let v(a) = -5*a**2 - 24*a + 47*a**2 - 4*a**2 + a - 12*a - 2. Let p(j) = -7*j**2 + 7*j. Let x(f) = 11*p(f) + 2*v(f). What is x(8)?
-12
Let b = -2765 - -2765. Let j(p) = -p**2 - 2*p + 17. What is j(b)?
17
Let c(h) = 2*h**2 + 9*h - 18. Let y be c(-6). Let a(v) = y*v - 41 + 85 - 7*v - 45. Calculate a(2).
-15
Let c be 3*(-4)/2*(-60)/(-36). Let z be ((2 - 3) + -4)*28/c. Let v(p) = -p**2 + 16*p - 23. Let o be v(z). Let n(d) = -2*d + 2. Determine n(o).
-8
Let k(n) = -18*n**2 - n - 1. Let v be (-1735 - 0)/5 + (1 - -3). Let o = v - -342. Calculate k(o).
-18
Let u(c) = c**2 - 10*c + c - c**3 + 7*c**2 + 5. Let v = 6078 - 6072. Calculate u(v).
23
Let t(d) be the first derivative of -1/2*d**2 - 2 + 4*d. Let b = -11776 - -11780. Calculate t(b).
0
Let z(h) = -h**2 + 3*h - 1. Suppose -9*k + 37*k - 1148 = 0. Let r(q) = -q**2 + 46*q - 198. Let l be r(k). Determine z(l).
-29
Suppose 237*t + 1 - 4 = 240*t. Let g(f) = 6*f**3 - 2*f - 3. What is g(t)?
-7
Let m(o) = 2*o + 14. Let j = -334 + 336. Let x be ((-630)/(-12))/(-15)*j. What is m(x)?
0
Let j(t) = 5*t - 76. Suppose -487 + 339 = -49*w + 636. Give j(w).
4
Let h(k) = -3*k + 6. Suppose 2*a + 79 = 165. Let g be (-3 + 1)/(a/(-86)). What is h(g)?
-6
Let k(b) be the second derivative of b**4/6 + 5*b**3/3 - 7*b**2/2 - 1403*b - 1. Give k(-5).
-7
Let m(n) = 42*n + 5*n - 12*n - 18*n + n**2 + 13 - 8*n. Calculate m(-10).
23
Let w(l) = -17 + 17*l**3 + 8 + 4*l**3 + 5*l**2 + l**3 - 4*l - 21*l**3. Calculate w(-3).
21
Let m(q) = q**2 + 7*q. Suppose -2*j + 5*a - 90 = 0, -j - a - 39 = -2*a. Let g = j - -29. Calculate m(g).
-6
Let w(o) = -2*o**2 + o - 41. Let u(d) = d**2 - d + 16. Let y(r) = -5*u(r) - 2*w(r). What is y(2)?
4
Let l(g) = -130*g + 123. Let z be l(1). Let t(a) = -8*a - 51. Calculate t(z).
5
Let a(n) = 58*n**3 - 54*n**2 - 23*n - 17. Let j(d) = 19*d**3 - 20*d**2 - 8*d - 6. Let v(i) = 3*a(i) - 8*j(i). Determine v(-1).
-22
Let i(b) = 2*b + 8. Suppose -3*j + 74 = 65. Let s(o) = -2*o**3 + 6*o**2 - 5*o + 9. Let n be s(j). What is i(n)?
-4
Let d(h) = h**3 + 8*h**2 - 2*h - 23. Suppose -1458*y = -1437*y + 168. What is d(y)?
-7
Let n(j) be the first derivative of -2*j**2 - 7*j + 947. Give n(-8).
25
Let f = 154 + -155. Let o(z) = -2*z**3 + z**2 + 7*z + 6. Determine o(f).
2
Let d(n) = -n**3 + 2*n**2 + 2*n - 1. Let v = 402 - 394. Suppose v*c + 111 = 135. What is d(c)?
-4
Let n = 773 - 771. Let w(r) = -37*r**n - 6 + 5 - 15*r + 54*r**2 - r**3. Calculate w(16).
15
Let v(h) be the second derivative of h**5/20 + 4*h**4/3 + 14*h**3/3 - 2*h**2 - 2917*h - 2. Calculate v(-14).
-4
Let v(d) = -9*d - 91. Let i be v(-19). Let a(z) = 45*z + 12 + 36*z - i*z. Determine a(-13).
-1
Let a(o) = o**2 + 9*o + 12 - 7*o - o + 9*o. Let l(i) = -11*i - 37. Let m be l(-9). Let f = -70 + m. Determine a(f).
-4
Suppose 0 = w - 2, 5*j - 4 = 3*w. Suppose 18 = 3*d - 4*r, j*r + 17 = 5*d - 27. Let y(v) = -v**3 + 11*v**2 - 10*v + 1. Give y(d).
1
Let l(q) = -4*q**3 + 6*q**2 - 9*q + 95. Let x(b) = -11*b**3 + 19*b**2 - 27*b + 257. Let n(d) = 8*l(d) - 3*x(d). Determine n(8).
-3
Let p(u) = -107 + 2*u - 114 - 162 + 384. Suppose 0 = 3*k + 2*v - 24, k - v - 4 + 1 = 0. Calculate p(k).
13
Suppose 0 = -4*p - a - 39, 2*p - 4*a + 12 = -12. Let y(b) be the first derivative of b**4/4 + 3*b**3 - 9*b**2/2 + 10*b + 89. Determine y(p).
0
Let m(j) = 3*j**3 - j**2 - 3*j + 23. Let q(t) = -5*t**3 + 2*t**2 + 5*t - 33. Let x(i) = 8*m(i) + 5*q(i). What is x(0)?
19
Let o be 26/6 - 2/(-3). Let m(f) = 135149 + 3*f + 135159 - 270312. What is m(o)?
11
Let m(s) = s**2 + 11*s - 13. Let h(k) = -5*k**2 - 55*k + 68. Let v(z) = 2*h(z) + 11*m(z). Let u(d) = d**2 - 8*d - 2. Let w be u(7). What is v(w)?
-25
Suppose 4*q + 4*g + 9 = 101, 3*g = q - 11. Suppose 8 = 4*f - q. Let y(x) = 1 + 14 - 5 - 4*x. What is y(f)?
-18
Let l(j) = -6*j**2 + 2*j + 2. Let q(n) = -2*n**3 - 3*n**2 + 6*n - 5. Let k be q(-3). Suppose -64*o + 6 = -61*o + w, k*o = -2*w + 8. Calculate l(o).
-18
Let z(c) = 12*c**3 - 4*c**2 - 3*c + 2. Let x be (2/(-5))/(1008/2520). What is z(x)?
-11
Let g(p) = -p + 5. Let r be ((-2)/3)/((-7046)/117 + 60). Calculate g(r).
2
Let a(k) = k**2 - 10*k - 4. Suppose 0 = 8*f - 25 - 127. Suppose 0 = 2*j - z - f, 6*j - 5*j = -2*z + 2. Give a(j).
-20
Let r(c) = -1 + 9636*c + 9640*c - 2 - 19270*c + c**2 - 2. Determine r(2).
11
Let l(d) = -11*d**2 - 35*d + 15. Let f(b) = -2*b**2 - 5*b + 1. Let x(z) = 5*f(z) - l(z). Suppose 4*p - g + 46 = -0*p, -p - 19 = -4*g. Calculate x(p).
1
Let w(f) be the third derivative of -7/24*f**4 + 13*f**2 - 4/3*f**3 + f - 1/10*f**5 - 1/120*f**6 + 0. What is w(-5)?
2
Let r be (-9152)/(-650) - (-2)/(-25). Let g(w) = -w + 30. Calculate g(r).
16
Let z(a) = a**3 + 7*a**2 + 2*a - 6. Suppose 4 = -4*y - 4*j, -5*y + 4*j = 2*j - 23. Let b be (-15 + y)/(-7 - -9). What is z(b)?
18
Let o(w) be the first derivative of -w**2/2 - 5*w + 7. Let z(b) = 9*b + 32. Let q(u) = -5*u - 16. Let x(f) = -11*q(f) - 6*z(f). Let v be x(11). What is o(v)?
0
Let h(s) = s**3 + 2*s**2 - s + 4. Let o(w) = -2*w**3 - 6*w**2 - 4. Let v(u) = -3*h(u) - 2*o(u). What is v(-6)?
-22
Let n be -5 + (3 + -6 - -1). Let l(x) be the first derivative of -x**2/2 - 3*x - 3. Determine l(n).
4
Suppose -5*a + 5 = -5. Let h(k) = 1 + a + 2*k + 0*k. Let g(f) = -f**3 - 4*f**2 + 1056*f + 6268. Let m be g(-6). What is h(m)?
11
Let w = -21 + 29. Let z(k) = -101*k**2 - 17*k + 11. Let v(c) = 45*c**2 + 7*c - 6. Let i(a) = 9*v(a) + 4*z(a). Determine i(w).
14
Let r(d) = -9*d - 4 - 250*d**2 - 246*d**2 + 4 + 497*d**2 - 6. Determine r(11).
16
Let c = -97 - -95. Suppose 3*t = -n + 7, 11 = 2*n + 4*t + 5. Let w(i) = 7*i + 3. Let q(y) = 14*y + 6. Let l(m) = n*w(m) + 3*q(m). What is l(c)?
-11
Let x(q) = -q**3 - 8*q**2 - 7*q + 5. Let r be (-842)/(-7) + 8/(-28). Let n = r + -72. Let g = n - 55. Calculate x(g).
5
Let b be -2*(6/20 - 12/15). Let d = -12 + b. Let g(v) = -v**3 - 10*v**2 + 11*v + 4. Determine g(d).
4
Let t(m) = -7*m**3 - 20*m**2 - 21*m - 13. Let p(d) = 3*d**3 + 10*d**2 + 11*d + 6. Let c(a) = 5*p(a) + 2*t(a). Calculate c(-9).
-32
Let i(r) be the first derivative of 3*r**2 + 9*r - 66. Calculate i(1).
15
Let i(q) = 2*q + 2. Suppose 0*u + 3*u = 72. Let b = u - -28. Let m = b + -56. Determine i(m).
-6
Let q(a) = -a**2 - 2*a + 36. Let i(b) = 2*b**2 + 299*b - 2524. Let m be i(8). Calculate q(m).
28
Let y(h) be the third derivative of -h**5/20 - 5*h**4/12 - h**3/3 - 641*h**2 - 1. Determine y(-3).
1
Suppose 54 = 5*m - 41. Let u(b) be the first derivative of -b**2 + 34*b - 4252. Calculate u(m).
-4
Let a(k) be the second derivative of -k**3/6 - k**2/2 + k. Suppose -4*x - 1170 = -3*s - x, 0 = -4*x. Let r = s + -385. Calculate a(r).
-6
Let w(u) = -9*u**2 + 530*u + 59. Let p be w(59). Let k(t) = -2*t**2 - 4*t - 9. Calculate k(p).
-9
Let b(q) = 2*q**2 + q - 7. Suppose -2*r = -3*t - 7, -34*t = -39*t + r - 14. Give b(t).
8
Let r be (18634/(-88))/(-11) - 19. Let h(n) be the first derivative of -7/3*n**3 + r*n**4 + 20 + 4*n**2 - n. Calculate h(6).
11
Let o(w) = 5*w + 148. Let y = -5737 + 5707. Give o(y).
-2
Suppose -h - 4*h = -x - 304, -852 = 3*x - 3*h. Let s = 282 + x. Let w(f) = -3*f + 3. Calculate w(s).
-6
Let f(s) = 9*s + 61. Let k = -152 - -145. Let h be f(k). Let l(t) = -3*t**3 - 3*t**2 + t + 2. Calculate l(h).
12
Let f(c) = -3*c**2 + 95*c + 1. Let v(p) = -5*p**2 + 94*p + 2. Let x(m) = -5*f(m) + 6*v(m). Let k be x(6). Let n(d) = 11*d**2 + d. What is n(k)?
12
Let u be (-4)/3*((-14)/(-42))/(4/(-18)). Let o(q) be the second derivative of 0*q**4 - 1/10*q**5 + 3*q + 0 - 1/2*q**2 + 1/3*q**3. Determine o(u).
-13
Let z(a) be the first derivative of